{"id":681,"date":"2022-12-12T19:55:55","date_gmt":"2022-12-12T18:55:55","guid":{"rendered":"https:\/\/pkn-daarle.nl\/gereformeerd\/?page_id=681"},"modified":"2023-04-19T13:42:35","modified_gmt":"2023-04-19T11:42:35","slug":"kindernevendienst","status":"publish","type":"page","link":"https:\/\/pkn-daarle.nl\/gereformeerd\/gemeente\/jeugd\/kindernevendienst\/","title":{"rendered":"Kindernevendienst"},"content":{"rendered":"\n<p>Wekelijks wordt in de morgendienst kindernevendienst gehouden voor groep 1, 2 en 3 en om de week voor groep 4, 5 en 6. Het doel is om kinderen in eigen taal vertrouwd te maken met het evangelie. De kinderen verlaten de kerk v\u00f3\u00f3r de schriftlezing en komen v\u00f3\u00f3r het dankgebed terug in de kerk.<\/p>\n\n\n\n<p>Wanneer kinderen van groep 6 naar groep 7 gaan, gaan ze over van de kindernevendienst naar de tienernevendienst. In een afsluitende \u2018overstapdienst\u2019, waarin de afscheidnemende kinderen centraal staan, wordt de Bijbel in Gewone Taal meegegeven die gebruikt kan worden tijdens de tienernevendienst. De leiding van de kindernevendienst bestaat uit belijdende leden van de Gereformeerde kerk. Contactpersoon hiervan is: Jeanine Bosch, Dalvoordeweg 17, tel. 0546 603614<\/p>\n","protected":false},"excerpt":{"rendered":"<p>Wekelijks wordt in de morgendienst kindernevendienst gehouden voor groep 1, 2 en 3 en om de week voor groep 4, 5 en 6. Het doel is om kinderen in eigen taal vertrouwd te maken met het evangelie. De kinderen verlaten de kerk v\u00f3\u00f3r de schriftlezing en komen v\u00f3\u00f3r het dankgebed terug in de kerk. Wanneer [&hellip;]<\/p>\n","protected":false},"author":2,"featured_media":0,"parent":668,"menu_order":0,"comment_status":"closed","ping_status":"closed","template":"","meta":{"_acf_changed":false,"site-sidebar-layout":"default","site-content-layout":"","ast-site-content-layout":"default","site-content-style":"default","site-sidebar-style":"default","ast-global-header-display":"","ast-banner-title-visibility":"","ast-main-header-display":"","ast-hfb-above-header-display":"","ast-hfb-below-header-display":"","ast-hfb-mobile-header-display":"","site-post-title":"","ast-breadcrumbs-content":"","ast-featured-img":"","footer-sml-layout":"","ast-disable-related-posts":"","theme-transparent-header-meta":"","adv-header-id-meta":"","stick-header-meta":"","header-above-stick-meta":"","header-main-stick-meta":"","header-below-stick-meta":"","astra-migrate-meta-layouts":"default","ast-page-background-enabled":"default","ast-page-background-meta":{"desktop":{"background-color":"","background-image":"","background-repeat":"repeat","background-position":"center center","background-size":"auto","background-attachment":"scroll","background-type":"","background-media":"","overlay-type":"","overlay-color":"","overlay-opacity":"","overlay-gradient":""},"tablet":{"background-color":"","background-image":"","background-repeat":"repeat","background-position":"center center","background-size":"auto","background-attachment":"scroll","background-type":"","background-media":"","overlay-type":"","overlay-color":"","overlay-opacity":"","overlay-gradient":""},"mobile":{"background-color":"","background-image":"","background-repeat":"repeat","background-position":"center center","background-size":"auto","background-attachment":"scroll","background-type":"","background-media":"","overlay-type":"","overlay-color":"","overlay-opacity":"","overlay-gradient":""}},"ast-content-background-meta":{"desktop":{"background-color":"var(--ast-global-color-5)","background-image":"","background-repeat":"repeat","background-position":"center center","background-size":"auto","background-attachment":"scroll","background-type":"","background-media":"","overlay-type":"","overlay-color":"","overlay-opacity":"","overlay-gradient":""},"tablet":{"background-color":"var(--ast-global-color-5)","background-image":"","background-repeat":"repeat","background-position":"center center","background-size":"auto","background-attachment":"scroll","background-type":"","background-media":"","overlay-type":"","overlay-color":"","overlay-opacity":"","overlay-gradient":""},"mobile":{"background-color":"var(--ast-global-color-5)","background-image":"","background-repeat":"repeat","background-position":"center center","background-size":"auto","background-attachment":"scroll","background-type":"","background-media":"","overlay-type":"","overlay-color":"","overlay-opacity":"","overlay-gradient":""}},"footnotes":""},"class_list":["post-681","page","type-page","status-publish","hentry"],"acf":[],"_links":{"self":[{"href":"https:\/\/pkn-daarle.nl\/gereformeerd\/wp-json\/wp\/v2\/pages\/681","targetHints":{"allow":["GET"]}}],"collection":[{"href":"https:\/\/pkn-daarle.nl\/gereformeerd\/wp-json\/wp\/v2\/pages"}],"about":[{"href":"https:\/\/pkn-daarle.nl\/gereformeerd\/wp-json\/wp\/v2\/types\/page"}],"author":[{"embeddable":true,"href":"https:\/\/pkn-daarle.nl\/gereformeerd\/wp-json\/wp\/v2\/users\/2"}],"replies":[{"embeddable":true,"href":"https:\/\/pkn-daarle.nl\/gereformeerd\/wp-json\/wp\/v2\/comments?post=681"}],"version-history":[{"count":4,"href":"https:\/\/pkn-daarle.nl\/gereformeerd\/wp-json\/wp\/v2\/pages\/681\/revisions"}],"predecessor-version":[{"id":1047,"href":"https:\/\/pkn-daarle.nl\/gereformeerd\/wp-json\/wp\/v2\/pages\/681\/revisions\/1047"}],"up":[{"embeddable":true,"href":"https:\/\/pkn-daarle.nl\/gereformeerd\/wp-json\/wp\/v2\/pages\/668"}],"wp:attachment":[{"href":"https:\/\/pkn-daarle.nl\/gereformeerd\/wp-json\/wp\/v2\/media?parent=681"}],"curies":[{"name":"wp","href":"https:\/\/api.w.org\/{rel}","templated":true}]}}